{"id":60,"date":"2022-02-13T07:12:39","date_gmt":"2022-02-13T07:12:39","guid":{"rendered":"https:\/\/araratportal.com\/retrogradus\/?page_id=60"},"modified":"2026-02-24T21:06:41","modified_gmt":"2026-02-24T21:06:41","slug":"biblioteca","status":"publish","type":"page","link":"https:\/\/araratportal.com\/radioretrogradus\/biblioteca\/","title":{"rendered":"Biblioteca"},"content":{"rendered":"\t\t<div data-elementor-type=\"wp-page\" data-elementor-id=\"60\" class=\"elementor elementor-60\">\n\t\t\t\t\t\t<section class=\"elementor-section elementor-top-section elementor-element elementor-element-56d6f83 elementor-section-boxed elementor-section-height-default elementor-section-height-default\" data-id=\"56d6f83\" data-element_type=\"section\">\n\t\t\t\t\t\t<div class=\"elementor-container elementor-column-gap-default\">\n\t\t\t\t\t<div class=\"elementor-column elementor-col-100 elementor-top-column elementor-element elementor-element-3f6bc12\" data-id=\"3f6bc12\" data-element_type=\"column\">\n\t\t\t<div class=\"elementor-widget-wrap elementor-element-populated\">\n\t\t\t\t\t\t<div class=\"elementor-element elementor-element-c82f3cc elementor-widget elementor-widget-text-editor\" data-id=\"c82f3cc\" data-element_type=\"widget\" data-widget_type=\"text-editor.default\">\n\t\t\t\t<div class=\"elementor-widget-container\">\n\t\t\t\t\t\t\t\t\t<h1 style=\"text-align: center;\"><strong>Biblioteca Virtual<\/strong><\/h1>\t\t\t\t\t\t\t\t<\/div>\n\t\t\t\t<\/div>\n\t\t\t\t<div class=\"elementor-element elementor-element-e0165ff elementor-widget elementor-widget-text-editor\" data-id=\"e0165ff\" data-element_type=\"widget\" data-widget_type=\"text-editor.default\">\n\t\t\t\t<div class=\"elementor-widget-container\">\n\t\t\t\t\t\t\t\t\t<p>De la manzana del conocimiento comemos Los misterios.<\/p><p><img fetchpriority=\"high\" decoding=\"async\" class=\"aligncenter wp-image-64 size-medium\" src=\"https:\/\/araratportal.com\/retrogradus\/wp-content\/uploads\/sites\/6\/2022\/02\/large-222x300.jpg\" alt=\"\" width=\"222\" height=\"300\" srcset=\"https:\/\/araratportal.com\/radioretrogradus\/wp-content\/uploads\/sites\/6\/2022\/02\/large-222x300.jpg 222w, https:\/\/araratportal.com\/radioretrogradus\/wp-content\/uploads\/sites\/6\/2022\/02\/large.jpg 355w\" sizes=\"(max-width: 222px) 100vw, 222px\" \/><\/p>\t\t\t\t\t\t\t\t<\/div>\n\t\t\t\t<\/div>\n\t\t\t\t\t<\/div>\n\t\t<\/div>\n\t\t\t\t\t<\/div>\n\t\t<\/section>\n\t\t\t\t<section class=\"elementor-section elementor-top-section elementor-element elementor-element-18e27dc elementor-section-full_width elementor-section-height-default elementor-section-height-default\" data-id=\"18e27dc\" data-element_type=\"section\" data-settings=\"{&quot;background_background&quot;:&quot;classic&quot;}\">\n\t\t\t\t\t\t<div class=\"elementor-container elementor-column-gap-default\">\n\t\t\t\t\t<div class=\"elementor-column elementor-col-100 elementor-top-column elementor-element elementor-element-ca19851\" data-id=\"ca19851\" data-element_type=\"column\">\n\t\t\t<div class=\"elementor-widget-wrap elementor-element-populated\">\n\t\t\t\t\t\t<div class=\"elementor-element elementor-element-be62dc6 elementor-widget elementor-widget-text-editor\" data-id=\"be62dc6\" data-element_type=\"widget\" data-widget_type=\"text-editor.default\">\n\t\t\t\t<div class=\"elementor-widget-container\">\n\t\t\t\t\t\t\t\t\t<h3>Las 48 Leyes del Poder. Autor: Robert Greene<\/h3><h5>Manual para decodificar comportamientos arquet\u00edpicos del poder y su intercambio en humanos. Recomendado para neurodiversos. Todo lo que la m\u00e1scara y la intenci\u00f3n oculta y no deja ver a simple percibir.<\/h5><p><a href=\"https:\/\/www.elmayorportaldegerencia.com\/Libros\/Mercadeo\/%5BPD%5D%20Libros%20-%2048%20leyes%20del%20Poder.pdf\" target=\"_blank\" rel=\"noopener\">ENLACE AQUI: https:\/\/www.elmayorportaldegerencia.com\/Libros\/Mercadeo\/%5BPD%5D%20Libros%20-%2048%20leyes%20del%20Poder.pdf<\/a><\/p>\t\t\t\t\t\t\t\t<\/div>\n\t\t\t\t<\/div>\n\t\t\t\t<div class=\"elementor-element elementor-element-432bc0d elementor-widget elementor-widget-text-editor\" data-id=\"432bc0d\" data-element_type=\"widget\" data-widget_type=\"text-editor.default\">\n\t\t\t\t<div class=\"elementor-widget-container\">\n\t\t\t\t\t\t\t\t\t<h3>El milagro de la fuerza-mana. Kahuna. Autor: Madeleine C. Morris*<\/h3><h5>Versi\u00f3n corta del documento original, aparentemente. T\u00e9cnicas pr\u00e1cticas de respiraci\u00f3n y visualizaci\u00f3n para potenciar el acto creador de manifestar. Libro original contiene 234 p\u00e1ginas. <\/h5><p><a href=\"https:\/\/kupdf.net\/download\/mana-force1111_5a4c4be2e2b6f5c11f8845e3_pdf#modals\" target=\"_blank\" rel=\"noopener\">ENLACE AQU\u00cd. https:\/\/kupdf.net\/download\/mana-force1111_5a4c4be2e2b6f5c11f8845e3_pdf#modals<\/a><\/p>\t\t\t\t\t\t\t\t<\/div>\n\t\t\t\t<\/div>\n\t\t\t\t<div class=\"elementor-element elementor-element-cf1075b elementor-widget elementor-widget-text-editor\" data-id=\"cf1075b\" data-element_type=\"widget\" data-widget_type=\"text-editor.default\">\n\t\t\t\t<div class=\"elementor-widget-container\">\n\t\t\t\t\t\t\t\t\t<h3>Saturno. El sendero del crecimiento sistematizado. <br \/>Autor: Sri K. Parvathi Kumar<\/h3><h5>La penosa obligaci\u00f3n de entender a Saturno, sus influencias, los ciclos.<\/h5><p><a href=\"https:\/\/kupdf.net\/download\/saturno-kparvathi-kumarpdf_599ccae2dc0d60052653a1f7_pdf\" target=\"_blank\" rel=\"noopener\">ENLACE AQU\u00cd. https:\/\/kupdf.net\/download\/saturno-kparvathi-kumarpdf_599ccae2dc0d60052653a1f7_pdf<\/a><\/p>\t\t\t\t\t\t\t\t<\/div>\n\t\t\t\t<\/div>\n\t\t\t\t<div class=\"elementor-element elementor-element-c38dccc elementor-widget elementor-widget-text-editor\" data-id=\"c38dccc\" data-element_type=\"widget\" data-widget_type=\"text-editor.default\">\n\t\t\t\t<div class=\"elementor-widget-container\">\n\t\t\t\t\t\t\t\t\t<h3>Gran libro de San Cipriano o los tesoros del Hechicero. <\/h3><h5>Escrito en antiguos pergaminos hebreos. Entregados por los esp\u00edritus al monje alem\u00e1n<br \/>Jonas Sufurino.<\/h5><h5>Contiene: La clav\u00edcula de salom\u00f3n. Invocaciones, pactos. Exorcismos. El drag\u00f3n rojo y la cabra Infernal. La gallina negra, escuela de sortilegios, el gran grimorio y el pacto de sangre, candela m\u00e1gica para descubrir encantamientos. Recopilaci\u00f3n de la magia caldea\u00a0y\u00a0egipcia, filtros, encantamientos.\u00a0Hechicer\u00edas y sortilegios<\/h5><p><a href=\"https:\/\/dn790002.ca.archive.org\/0\/items\/ellibrodesancipr00surf\/ellibrodesancipr00surf.pdf\" target=\"_blank\" rel=\"noopener\">ENLACE AQU\u00cd. https:\/\/kupdf.net\/download\/saturno-kparvathi-kumarpdf_599ccae2dc0d60052653a1f7_pdf<\/a><\/p>\t\t\t\t\t\t\t\t<\/div>\n\t\t\t\t<\/div>\n\t\t\t\t<div class=\"elementor-element elementor-element-dd367b4 elementor-widget elementor-widget-text-editor\" data-id=\"dd367b4\" data-element_type=\"widget\" data-widget_type=\"text-editor.default\">\n\t\t\t\t<div class=\"elementor-widget-container\">\n\t\t\t\t\t\t\t\t\t<h2>El tiempo del ruido en la Antigua Santafe de Bogota.<\/h2><h5><strong>Traducci\u00f3n del reporte original del ruido escuchado en Santaf\u00e9 de Bogot\u00e1 el domingo 9 de marzo de 1687.<\/strong><\/h5><p><a href=\"https:\/\/revistaelastrolabio.com\/wp-content\/uploads\/2023\/07\/9-Traduccion-ruido.pdf\" target=\"_blank\" rel=\"noopener\">ENLACE AQU\u00cd: https:\/\/revistaelastrolabio.com\/wp-content\/uploads\/2023\/07\/9-Traduccion-ruido.pdf<\/a><\/p>\t\t\t\t\t\t\t\t<\/div>\n\t\t\t\t<\/div>\n\t\t\t\t\t<\/div>\n\t\t<\/div>\n\t\t\t\t\t<\/div>\n\t\t<\/section>\n\t\t\t\t<\/div>\n\t\t","protected":false},"excerpt":{"rendered":"<p>Biblioteca Virtual De la manzana del conocimiento comemos Los misterios. Las 48 Leyes del Poder. Autor: Robert Greene Manual para [&hellip;]<\/p>\n","protected":false},"author":1,"featured_media":0,"parent":0,"menu_order":0,"comment_status":"closed","ping_status":"closed","template":"","meta":{"site-sidebar-layout":"no-sidebar","site-content-layout":"page-builder","ast-site-content-layout":"default","site-content-style":"default","site-sidebar-style":"default","ast-global-header-display":"","ast-banner-title-visibility":"","ast-main-header-display":"","ast-hfb-above-header-display":"","ast-hfb-below-header-display":"","ast-hfb-mobile-header-display":"","site-post-title":"disabled","ast-breadcrumbs-content":"","ast-featured-img":"disabled","footer-sml-layout":"","theme-transparent-header-meta":"","adv-header-id-meta":"","stick-header-meta":"","header-above-stick-meta":"","header-main-stick-meta":"","header-below-stick-meta":"","astra-migrate-meta-layouts":"default","ast-page-background-enabled":"default","ast-page-background-meta":{"desktop":{"background-color":"var(--ast-global-color-4)","background-image":"","background-repeat":"repeat","background-position":"center center","background-size":"auto","background-attachment":"scroll","background-type":"","background-media":"","overlay-type":"","overlay-color":"","overlay-opacity":"","overlay-gradient":""},"tablet":{"background-color":"","background-image":"","background-repeat":"repeat","background-position":"center center","background-size":"auto","background-attachment":"scroll","background-type":"","background-media":"","overlay-type":"","overlay-color":"","overlay-opacity":"","overlay-gradient":""},"mobile":{"background-color":"","background-image":"","background-repeat":"repeat","background-position":"center center","background-size":"auto","background-attachment":"scroll","background-type":"","background-media":"","overlay-type":"","overlay-color":"","overlay-opacity":"","overlay-gradient":""}},"ast-content-background-meta":{"desktop":{"background-color":"var(--ast-global-color-5)","background-image":"","background-repeat":"repeat","background-position":"center center","background-size":"auto","background-attachment":"scroll","background-type":"","background-media":"","overlay-type":"","overlay-color":"","overlay-opacity":"","overlay-gradient":""},"tablet":{"background-color":"var(--ast-global-color-5)","background-image":"","background-repeat":"repeat","background-position":"center center","background-size":"auto","background-attachment":"scroll","background-type":"","background-media":"","overlay-type":"","overlay-color":"","overlay-opacity":"","overlay-gradient":""},"mobile":{"background-color":"var(--ast-global-color-5)","background-image":"","background-repeat":"repeat","background-position":"center center","background-size":"auto","background-attachment":"scroll","background-type":"","background-media":"","overlay-type":"","overlay-color":"","overlay-opacity":"","overlay-gradient":""}},"footnotes":""},"class_list":["post-60","page","type-page","status-publish","hentry"],"_links":{"self":[{"href":"https:\/\/araratportal.com\/radioretrogradus\/wp-json\/wp\/v2\/pages\/60","targetHints":{"allow":["GET"]}}],"collection":[{"href":"https:\/\/araratportal.com\/radioretrogradus\/wp-json\/wp\/v2\/pages"}],"about":[{"href":"https:\/\/araratportal.com\/radioretrogradus\/wp-json\/wp\/v2\/types\/page"}],"author":[{"embeddable":true,"href":"https:\/\/araratportal.com\/radioretrogradus\/wp-json\/wp\/v2\/users\/1"}],"replies":[{"embeddable":true,"href":"https:\/\/araratportal.com\/radioretrogradus\/wp-json\/wp\/v2\/comments?post=60"}],"version-history":[{"count":61,"href":"https:\/\/araratportal.com\/radioretrogradus\/wp-json\/wp\/v2\/pages\/60\/revisions"}],"predecessor-version":[{"id":1283,"href":"https:\/\/araratportal.com\/radioretrogradus\/wp-json\/wp\/v2\/pages\/60\/revisions\/1283"}],"wp:attachment":[{"href":"https:\/\/araratportal.com\/radioretrogradus\/wp-json\/wp\/v2\/media?parent=60"}],"curies":[{"name":"wp","href":"https:\/\/api.w.org\/{rel}","templated":true}]}}